?
7
Let j(r) = -8*r + 29*r + 12*r - r. What is the units digit of j(7)?
4
What is the units digit of (-330520)/60*(-3)/2?
3
Let l(x) = -x**2 + x. Let f(w) = 6*w**2 + 8*w - 31. Let k(u) = -f(u) - 5*l(u). Let b be k(-16). Let c = -9 - b. What is the units digit of c?
8
What is the units digit of (-326)/4*((16 - 88) + 10)?
3
Let r = 101 - 100. Let a be (-7 - -275) + (r - -1). Let x = a - 174. What is the tens digit of x?
9
What is the thousands digit of (1/(4/(-4)))/((-45)/320355)?
7
Let a be (34/(-3) - (9 - 13))*3. What is the tens digit of (-13524)/(-33) - 4/a?
1
Suppose 11 = 4*o - 5*k - 12, 0 = -4*o - k + 5. Suppose u + o*u = 12. Suppose 6*v - 3*d - 984 = v, -2*v - u*d + 378 = 0. What is the units digit of v?
5
Let a(g) = -94*g**2 + 37*g - 61. Let z(b) = 33*b**2 - 12*b + 20. Let u(j) = 2*a(j) + 7*z(j). What is the units digit of u(4)?
6
Suppose 829 + 114 = q. Suppose 0 = -2*b + q + 213. What is the tens digit of b?
7
Let m = 30 + -26. Suppose 5*z + 3*x + 2*x = 380, m*z - 303 = -5*x. What is the tens digit of z?
7
Suppose -766528 = 75*u - 191*u. What is the tens digit of u?
0
Suppose -2*g + 16 = 4. Let y(h) = -h**3 + 5*h**2 + 5*h + 9. Let b be y(g). Suppose 0 = b*a + 3*d - 195, 0 = -5*a - d - 0*d + 333. What is the units digit of a?
7
Suppose 0 = -8*y + 2043 + 16773. What is the tens digit of y?
5
Suppose 2*c + 3*w = 245 + 72, 2*w - 157 = -c. Suppose 4*a = -15 + c. What is the tens digit of 3 + a - (-1 - 3)?
4
Suppose 749*q = 745*q + 25420. What is the hundreds digit of q?
3
Suppose 0 = y - 9 + 7. Suppose 2 = -y*c + 18. What is the units digit of (-11)/(-1)*(c - 3)?
5
Suppose 0 = -3*g + 3*n, 12 = -g + 3*g + 2*n. Suppose g*f + 122 = 56. What is the units digit of 198/(-54)*(f - -1)?
7
Suppose 15 = o + 26. Let a(g) = 2*g + 34. Let s be a(o). What is the tens digit of -2 + 26 - s/(-4)?
2
Suppose -5*d - 3*p + 5987 = 1546, 0 = 3*p + 24. What is the hundreds digit of d?
8
Let w(o) = 4 - 2*o - 2 + 22*o**2 - 1. Let s = -121 + 123. What is the units digit of w(s)?
5
Let n be 3/((-14)/808*(-9)/(-21)). Let b = -244 - n. What is the units digit of b?
0
Let n = 100 + -100. Suppose -o + 4*o - s - 2297 = n, 0 = s + 2. Suppose 5*h = o - 95. What is the units digit of h?
4
Let x be (-21768)/9*((-405)/(-12))/5. What is the hundreds digit of x/(-24)*16/6?
8
Let u(l) = 108*l**2 - 74*l + 73. What is the tens digit of u(-13)?
8
Let q = 589 + -236. Let z = 843 - q. What is the hundreds digit of z?
4
Let n(d) = 24*d + 451. What is the hundreds digit of n(48)?
6
Suppose -30*c = -37*c + 1330. Suppose -9*k = -3745 + c. What is the tens digit of k?
9
Let n = 86 + -82. Suppose 0 = o - n*m + 14, -5*o - 4*m + 2*m = -40. Suppose -o - 39 = -4*u + p, 0 = -2*u - 5*p + 39. What is the tens digit of u?
1
Let d = 15216 + -10065. What is the hundreds digit of d?
1
Let h be (6 + 1)*6/7. Let d be -5*(h/(-12))/(2/(-4)). Let y(l) = -30*l + 3. What is the hundreds digit of y(d)?
1
Let m = -10 + 13. Let z be (0 - 1)*3*4535/(-15). Suppose m*i = -o + 177, -5*o - 17*i + z = -13*i. What is the tens digit of o?
8
Let f = -191 + 511. Suppose 0 = -c + k + f, 5*c + 3*k + 50 - 1682 = 0. Let b = 572 - c. What is the hundreds digit of b?
2
Suppose 457*g = 227*g + 228*g + 3380. What is the hundreds digit of g?
6
Suppose -m - 86638 = -5*s, -2*s + 34660 = m - 3*m. What is the ten thousands digit of s?
1
Let t = -25 + 42. Let g be (t + -1 + 1)/(9 - 8). Let o = g - -60. What is the units digit of o?
7
Let n be 8/6*(-5)/((-220)/99). Suppose 3*y = -3*o + 2412, -5*o = 5*y - n*o - 4020. What is the units digit of y?
4
Suppose -11*g + 181061 = -187001 - 145550. What is the thousands digit of g?
6
Suppose -450 = -3*u + 4*n, -20*u + 19*u - 3*n + 163 = 0. Let y = -151 + u. What is the units digit of y?
3
Let z = -138 + 140. Let d be -3 - (-8 + z)*1. Suppose d*p - 357 = -5*g, 2*g - 4*p - 57 - 65 = 0. What is the units digit of g?
9
Suppose -3*v - 255 = 5*g + 2*v, 160 = -3*g + 4*v. Let i = 55 + g. Suppose -150 = -w + 3*z + z, z + 406 = i*w. What is the hundreds digit of w?
1
Let b(y) = 407*y - 1912. What is the thousands digit of b(10)?
2
Suppose 2*b + 4*y - 103270 = 0, -4*b + 55054 = 5*y - 151465. What is the tens digit of b?
2
Suppose -3*h + 5*o = -23195, -h + 3*o - 989 + 8722 = 0. What is the thousands digit of h?
7
Let o be (4/(-9))/2 - (-2)/9. Suppose o*y + 801 = 3*j - 5*y, 1316 = 5*j - 2*y. Suppose -z + 33 = -4*f - 66, 5*f = 3*z - j. What is the tens digit of z?
7
Suppose 4*n = l + 178, -3*l = 2*n - 4*l - 88. Let z be 1*4*(2 - -1). Suppose 3*k - z = n. What is the tens digit of k?
1
What is the tens digit of (10 + 15 + -27)/(2/(-19421))?
2
Suppose 47880 + 33999 = 21*l. Suppose -39*h - l = -46*h. What is the units digit of h?
7
What is the tens digit of (-135)/18 + 1/2 - -6643?
3
Let q(c) = 11*c + 9*c**2 + 11*c - 34*c - 7 + 11*c + c**3. What is the units digit of q(-5)?
8
Let b(y) = y**3 + 8*y**2 + 3*y - 12. Let q(x) = 30*x**2 - x + 1. Let d be q(1). Let k be ((-28)/10)/(12/d). What is the tens digit of b(k)?
1
Let s(v) = -28*v - 16. Let d be s(-4). Let a be (d/(-21))/2 - (-8)/28. What is the tens digit of (-65)/a - 2/(-4)?
3
Suppose 62 = y - 86*t + 90*t, -y = 5*t - 61. Suppose -68 = -3*m + 16. Suppose 30*x = m*x + y. What is the units digit of x?
3
Let r(y) = -y**3 + 6*y**2 - 5*y. Let u be r(5). Let q = 548 - 495. Suppose 3*d - 314 + q = u. What is the tens digit of d?
8
Suppose -9*w - 3 = -10*w. Let s be w + -1 - 962/(-13). Let c = s + -53. What is the units digit of c?
3
Let p(b) = 119*b**2 - 2*b - 25. Suppose -54 = -9*m - 9*m. What is the units digit of p(m)?
0
Suppose -125*b + 1729076 = -3195674. What is the ten thousands digit of b?
3
Let u = -17356 - -23950. What is the thousands digit of u?
6
Suppose 18*h + 96 = 30*h. What is the tens digit of (h - 4) + 1722 + -3?
2
Let n(f) = f**2 - 56*f + 13376. What is the thousands digit of n(0)?
3
Suppose 0 = -2*n - 18, z - 424*n = -428*n + 19986. What is the ten thousands digit of z?
2
Suppose 5*t - 237 = -2*y, 3*y = -8*t + 3*t + 233. Suppose -t = -4*g + 11. What is the units digit of (g/(-60))/((-2)/488)?
1
Let w = -7 - -10. Suppose -5*u + 54 = k, w + 13 = 2*u - k. What is the tens digit of 402/u - (-29)/(-145)?
4
Suppose -15*v = 111905 - 1157075. What is the units digit of v?
8
Let m = 39 + -108. Let t = m + 83. Let j(q) = -q**3 + 13*q**2 + 25*q + 11. What is the tens digit of j(t)?
6
Suppose 2*h - 2*r - 85586 = 0, 30*r - 29*r + 9 = 0. What is the hundreds digit of h?
7
Let k(c) = -17*c**3 + 6*c**2 - 10*c - 22. Let q be k(-5). Let o = q - 1305. What is the hundreds digit of o?
9
Let d(c) = 51*c**2 + 141*c - 2813. What is the tens digit of d(26)?
2
Let g(z) = -225*z + 9. Let o be g(-8). Suppose 0*q = 9*q - o. Suppose -q + 2501 = 10*a. What is the hundreds digit of a?
2
Let u(b) = -17*b + 6*b - 2 - 50*b - 12. Let n be (-15 - -9) + -1 + 2. What is the tens digit of u(n)?
9
Let q = 6 + -4. Let o(x) = -54*x - 9 + 10*x**3 + 26*x + 31*x + x**2 + 8. What is the units digit of o(q)?
9
Let z(t) = t**3 + 6*t**2 - 2*t - 10. Let n be z(-6). Let y(g) = -3*g + 3*g**3 + 0*g + 5*g + 4 - 2*g**3 + 4*g**n. What is the units digit of y(-3)?
7
Let v be (-1)/3 + 9385/(-15). Let t = v + 1394. Suppose -d = 7*d - t. What is the units digit of d?
6
Suppose h + 4*s = 1698, -2*h + 2986 = -5*s - 397. Let j = h - 441. What is the thousands digit of j?
1
Suppose -15*k = 640 - 460. Let h(l) = -l**3 - 15*l - 25. What is the hundreds digit of h(k)?
8
Suppose 36 = -4*d + 24, 2*s = 4*d + 370. Let n = 540 + s. What is the hundreds digit of n?
7
What is the tens digit of 34*((-7089)/(-21) - (-75)/175)?
9
Let b = -10 - -14. Suppose z + 4 = 0, -j + 249 = -b*z + z. What is the units digit of j?
7
Let i = -603 + 6735. What is the hundreds digit of (-12)/(-18)*i/8?
5
Let h = -275 + 275. What is the units digit of 959 + h + 24/(-12)?
7
Suppose -5*p - 5*c + 35 = 0, 2*p - 26 = -4*c - c. Suppose 1230 = 2*g - 5*i, 0 = -2*g + p*i - 0*i + 1238. What is the units digit of g?
5
Suppose 70*b - 64*b - 12 = 0. Suppose -1 = i, b*d + 8*i - 10*i - 752 = 0. What is the tens digit of d?
7
Suppose y = -4*u - 9, -3*y + 2*u + 9 + 6 = 0. Let b(a) = 10*a - 290. Let j be b(29). Suppose 0 = -y*n + 15, j = -0*f + f + n - 176. What is the tens digit of f?
7
Let q = -417 - -3703. What is the tens digit of q?
8
Suppose -4*y =